{"id":262,"date":"2019-03-14T20:58:45","date_gmt":"2019-03-14T18:58:45","guid":{"rendered":"https:\/\/www.juniorbridge.fi\/juniorbridge\/?page_id=262"},"modified":"2020-09-20T21:10:15","modified_gmt":"2020-09-20T18:10:15","slug":"junnuystavallisia-kilpailuja","status":"publish","type":"page","link":"https:\/\/www.juniorbridge.fi\/juniorbridge\/home\/junnuystavallisia-kilpailuja\/","title":{"rendered":"Junnuyst\u00e4v\u00e4llisi\u00e4 kilpailuja"},"content":{"rendered":"<p><strong>SEIN\u00c4JOEN BRIDGEVIIKONLOPPU 24.-25.10.2020<\/strong><\/p>\n<p><strong>LAUANTAINA 24.10.<\/strong> KLO 11:00 ALKAEN<\/p>\n<p><a href=\"http:\/\/www.bridgefinland.fi\/bilbo\/tourneys.php?show=2579\"><strong>B-SM -PARIKILPAILU<\/strong><\/a><\/p>\n<p>(pelaajille joilla on max 10mp vuoden alussa)<\/p>\n<p><strong>SUNNUNTAINA 25.10.<\/strong> KLO 10:00 ALKAEN<\/p>\n<p><a href=\"http:\/\/www.bridgefinland.fi\/bilbo\/tourneys.php?show=2580\"><strong>JUNIOREIDEN SM-JOUKKUEKILPAILU<\/strong><\/a><\/p>\n<p>(synt. 1.1.1995 tai sen j\u00e4lkeen)<\/p>\n<p>Kilpailupaikkana toimii Sein\u00e4joen Elinkeinotalo, jossa on my\u00f6s mahdollisuus y\u00f6py\u00e4 ilmaiseksi lattiamajoituksessa (mukaan oma makuualusta ja makuupussi). Illalla makkaranpaistoa ja saunomismahdollisuus.<\/p>\n<p>Mik\u00e4li tarvitset kyyti\u00e4 juna-asemalta pelipaikalle tai olet vailla paria tai joukkuetta, ota yhteys junioritoimikuntaan: 040-5364343 \/ Jonna Kaminen<\/p>\n<p class=\"western\">Majoituksen ja ruokailuiden osalta yhteys: 0400-253535 \/ Aku Nieminen<\/p>\n<p class=\"western\">\u00a0&#8211; Junioritoimikunta<\/p>\n<p>***********<\/p>\n<p>Aikaisemmat tapahtumat<\/p>\n<p>&nbsp;<\/p>\n<p>&nbsp;<\/p>\n<p>&nbsp;<\/p>\n<p class=\"western\"><strong>SALO OPEN 11.05.2019<\/strong><\/p>\n<p class=\"western\">Suomen suurin joukkueturnaus pelataan perinteisesti \u00c4itienp\u00e4iv\u00e4n aattona Salossa. Kilpailupaikkana toimii j\u00e4lleen Salon lukio osoitteessa Kaherinkatu 2.<\/p>\n<p class=\"western\">Salon Bridgekerho on esitt\u00e4nyt kutsun nuorten maajoukkueelle saapua paikalle taistelemaan kunniastaan kokeneita konkareita vastaan.<\/p>\n<p class=\"western\">Junioripelaajien tukemiseksi Salon Bk on luvannut j\u00e4rjest\u00e4\u00e4 kutsutuille junioripelaajille ilmaisen majoituksen. T\u00e4m\u00e4n lis\u00e4ksi on voimassa jo vakiintunut tapa, ett\u00e4 Salossa junioripelaajat pelaavat ilmaiseksi.<\/p>\n<p class=\"western\">Juniorit haastavat muun Suomen pelaajat saapumaan Saloon, jotta varmistamme laadukkaan ja onnistuneen turnauksen. Ker\u00e4\u00e4 siis joukkue, ota haaste vastaan ja tavataan Salossa!<\/p>\n<p class=\"western\">Juniorimaajoukkueen puolesta,<\/p>\n<p class=\"western\">&#8211; Martti Meronen, Juniorimaajoukkueen joukkueenjohtaja<\/p>\n<p class=\"western\">****************************<\/p>\n<p class=\"western\"><strong>Sein\u00e4joen Barometri 30.03.2019<\/strong><\/p>\n<p class=\"western\">Sein\u00e4joen Bk kutsuu junioripelaajia saapumaan viikonlopuksi 30-31.03.2019 pelaamaan perinteist\u00e4 barometrikilpailua. Paikallinen puuhamies Aku Nieminen ja junioritoimikunta ovat yhteisty\u00f6ss\u00e4 sopineet, ett\u00e4 junioripelaajille j\u00e4rjestet\u00e4\u00e4n ilmainen majoitus ja ruokailu kilpailujen aikana.<\/p>\n<p class=\"western\">Ottakaa siis kutsu runsaslukuisina vastaan, ja menk\u00e4\u00e4mme nauttimaan Etel\u00e4-Pohjanmaan leppoisasta tunnelmasta kilvoittelun merkeiss\u00e4 Sein\u00e4joelle.<\/p>\n<p class=\"western\">Majoituksen ja ruokailuiden osalta yhteys: Aku Nieminen, puh. 0400253535.<\/p>\n<p class=\"western\">\u00a0&#8211; Junioritoimikunta<\/p>\n","protected":false},"excerpt":{"rendered":"<p>SEIN\u00c4JOEN BRIDGEVIIKONLOPPU 24.-25.10.2020 LAUANTAINA 24.10. KLO 11:00 ALKAEN B-SM -PARIKILPAILU (pelaajille joilla on max 10mp vuoden alussa) SUNNUNTAINA 25.10. KLO 10:00 ALKAEN JUNIOREIDEN SM-JOUKKUEKILPAILU (synt. 1.1.1995 tai sen j\u00e4lkeen) Kilpailupaikkana toimii Sein\u00e4joen Elinkeinotalo, jossa on my\u00f6s mahdollisuus y\u00f6py\u00e4 ilmaiseksi lattiamajoituksessa (mukaan oma makuualusta ja makuupussi). Illalla makkaranpaistoa ja saunomismahdollisuus. Mik\u00e4li tarvitset kyyti\u00e4 juna-asemalta pelipaikalle tai &hellip; <a href=\"https:\/\/www.juniorbridge.fi\/juniorbridge\/home\/junnuystavallisia-kilpailuja\/\" class=\"more-link\">Jatka artikkeliin <span class=\"screen-reader-text\">Junnuyst\u00e4v\u00e4llisi\u00e4 kilpailuja<\/span><\/a><\/p>\n","protected":false},"author":6,"featured_media":0,"parent":9,"menu_order":0,"comment_status":"closed","ping_status":"closed","template":"","meta":{"footnotes":""},"class_list":["post-262","page","type-page","status-publish","hentry"],"_links":{"self":[{"href":"https:\/\/www.juniorbridge.fi\/juniorbridge\/wp-json\/wp\/v2\/pages\/262","targetHints":{"allow":["GET"]}}],"collection":[{"href":"https:\/\/www.juniorbridge.fi\/juniorbridge\/wp-json\/wp\/v2\/pages"}],"about":[{"href":"https:\/\/www.juniorbridge.fi\/juniorbridge\/wp-json\/wp\/v2\/types\/page"}],"author":[{"embeddable":true,"href":"https:\/\/www.juniorbridge.fi\/juniorbridge\/wp-json\/wp\/v2\/users\/6"}],"replies":[{"embeddable":true,"href":"https:\/\/www.juniorbridge.fi\/juniorbridge\/wp-json\/wp\/v2\/comments?post=262"}],"version-history":[{"count":9,"href":"https:\/\/www.juniorbridge.fi\/juniorbridge\/wp-json\/wp\/v2\/pages\/262\/revisions"}],"predecessor-version":[{"id":416,"href":"https:\/\/www.juniorbridge.fi\/juniorbridge\/wp-json\/wp\/v2\/pages\/262\/revisions\/416"}],"up":[{"embeddable":true,"href":"https:\/\/www.juniorbridge.fi\/juniorbridge\/wp-json\/wp\/v2\/pages\/9"}],"wp:attachment":[{"href":"https:\/\/www.juniorbridge.fi\/juniorbridge\/wp-json\/wp\/v2\/media?parent=262"}],"curies":[{"name":"wp","href":"https:\/\/api.w.org\/{rel}","templated":true}]}}