{"id":11,"date":"2018-07-29T14:34:37","date_gmt":"2018-07-29T11:34:37","guid":{"rendered":"https:\/\/www.juniorbridge.fi\/juniorbridge\/?page_id=11"},"modified":"2022-01-18T21:16:57","modified_gmt":"2022-01-18T19:16:57","slug":"contact","status":"publish","type":"page","link":"https:\/\/www.juniorbridge.fi\/juniorbridge\/contact\/","title":{"rendered":"Junioritoimikunta"},"content":{"rendered":"<p><strong>Suomen Bridgeliitto ry &#8211; Junioritoimikunta 2022<\/strong><br \/>\n<strong><br \/>\nJonna Kaminen<\/strong><br \/>\nPuheenjohtaja &#8211; Ordf\u00f6rande<br \/>\n<strong>Ari Kyll\u00f6nen<\/strong><br \/>\nJ\u00e4sen<br \/>\n<strong>Milena Laitala<\/strong><br \/>\nJ\u00e4sen<br \/>\n<strong>Martti Meronen<\/strong><br \/>\nJ\u00e4sen<br \/>\n<strong>Petteri Nieminen<\/strong><br \/>\nJ\u00e4sen<\/p>\n","protected":false},"excerpt":{"rendered":"<p>Suomen Bridgeliitto ry &#8211; Junioritoimikunta 2022 Jonna Kaminen Puheenjohtaja &#8211; Ordf\u00f6rande Ari Kyll\u00f6nen J\u00e4sen Milena Laitala J\u00e4sen Martti Meronen J\u00e4sen Petteri Nieminen J\u00e4sen<\/p>\n","protected":false},"author":1,"featured_media":105,"parent":0,"menu_order":0,"comment_status":"closed","ping_status":"closed","template":"","meta":{"footnotes":""},"class_list":["post-11","page","type-page","status-publish","has-post-thumbnail","hentry"],"_links":{"self":[{"href":"https:\/\/www.juniorbridge.fi\/juniorbridge\/wp-json\/wp\/v2\/pages\/11","targetHints":{"allow":["GET"]}}],"collection":[{"href":"https:\/\/www.juniorbridge.fi\/juniorbridge\/wp-json\/wp\/v2\/pages"}],"about":[{"href":"https:\/\/www.juniorbridge.fi\/juniorbridge\/wp-json\/wp\/v2\/types\/page"}],"author":[{"embeddable":true,"href":"https:\/\/www.juniorbridge.fi\/juniorbridge\/wp-json\/wp\/v2\/users\/1"}],"replies":[{"embeddable":true,"href":"https:\/\/www.juniorbridge.fi\/juniorbridge\/wp-json\/wp\/v2\/comments?post=11"}],"version-history":[{"count":13,"href":"https:\/\/www.juniorbridge.fi\/juniorbridge\/wp-json\/wp\/v2\/pages\/11\/revisions"}],"predecessor-version":[{"id":425,"href":"https:\/\/www.juniorbridge.fi\/juniorbridge\/wp-json\/wp\/v2\/pages\/11\/revisions\/425"}],"wp:featuredmedia":[{"embeddable":true,"href":"https:\/\/www.juniorbridge.fi\/juniorbridge\/wp-json\/wp\/v2\/media\/105"}],"wp:attachment":[{"href":"https:\/\/www.juniorbridge.fi\/juniorbridge\/wp-json\/wp\/v2\/media?parent=11"}],"curies":[{"name":"wp","href":"https:\/\/api.w.org\/{rel}","templated":true}]}}